{"id":15,"date":"2025-06-22T21:43:51","date_gmt":"2025-06-22T21:43:51","guid":{"rendered":"https:\/\/castillodelvalleangol.cl\/?page_id=15"},"modified":"2025-11-13T11:28:06","modified_gmt":"2025-11-13T14:28:06","slug":"reserva-de-cumpleanos","status":"publish","type":"page","link":"https:\/\/castillodelvalleangol.cl\/?page_id=15","title":{"rendered":""},"content":{"rendered":"\t\t<div data-elementor-type=\"wp-page\" data-elementor-id=\"15\" class=\"elementor elementor-15\">\n\t\t\t\t<div class=\"elementor-element elementor-element-1fa167e e-con-full e-flex e-con e-parent\" data-id=\"1fa167e\" data-element_type=\"container\">\n\t\t<div class=\"elementor-element elementor-element-283f93f e-con-full e-flex e-con e-child\" data-id=\"283f93f\" data-element_type=\"container\">\n\t\t\t\t<div class=\"elementor-element elementor-element-219a8bc elementor-widget elementor-widget-heading\" data-id=\"219a8bc\" data-element_type=\"widget\" data-widget_type=\"heading.default\">\n\t\t\t\t<div class=\"elementor-widget-container\">\n\t\t\t\t\t<h2 class=\"elementor-heading-title elementor-size-default\">Celebra un cumplea\u00f1os con nosotros<\/h2>\t\t\t\t<\/div>\n\t\t\t\t<\/div>\n\t\t\t\t<div class=\"elementor-element elementor-element-fea0fd8 elementor-widget__width-initial elementor-widget-mobile__width-inherit elementor-widget elementor-widget-heading\" data-id=\"fea0fd8\" data-element_type=\"widget\" data-widget_type=\"heading.default\">\n\t\t\t\t<div class=\"elementor-widget-container\">\n\t\t\t\t\t<h5 class=\"elementor-heading-title elementor-size-default\">Ponemos a disposici\u00f3n diversas opciones que se ajustan a las necesidades de cada familia<\/h5>\t\t\t\t<\/div>\n\t\t\t\t<\/div>\n\t\t\t\t<\/div>\n\t\t<div class=\"elementor-element elementor-element-e02d607 e-con-full e-flex e-con e-child\" data-id=\"e02d607\" data-element_type=\"container\">\n\t\t\t\t<div class=\"elementor-element elementor-element-ddc0f19 elementor-widget-tablet__width-initial elementor-widget-mobile__width-inherit elementor-widget__width-initial elementor-position-top elementor-widget elementor-widget-image-box\" data-id=\"ddc0f19\" data-element_type=\"widget\" data-widget_type=\"image-box.default\">\n\t\t\t\t<div class=\"elementor-widget-container\">\n\t\t\t\t\t<div class=\"elementor-image-box-wrapper\"><figure class=\"elementor-image-box-img\"><img fetchpriority=\"high\" decoding=\"async\" width=\"1536\" height=\"1024\" src=\"https:\/\/castillodelvalleangol.cl\/wp-content\/uploads\/2025\/07\/Fiesta-Vikinga.webp\" class=\"elementor-animation-grow attachment-full size-full wp-image-297\" alt=\"\" srcset=\"https:\/\/castillodelvalleangol.cl\/wp-content\/uploads\/2025\/07\/Fiesta-Vikinga.webp 1536w, https:\/\/castillodelvalleangol.cl\/wp-content\/uploads\/2025\/07\/Fiesta-Vikinga-300x200.webp 300w, https:\/\/castillodelvalleangol.cl\/wp-content\/uploads\/2025\/07\/Fiesta-Vikinga-1024x683.webp 1024w, https:\/\/castillodelvalleangol.cl\/wp-content\/uploads\/2025\/07\/Fiesta-Vikinga-768x512.webp 768w\" sizes=\"(max-width: 1536px) 100vw, 1536px\" \/><\/figure><div class=\"elementor-image-box-content\"><h4 class=\"elementor-image-box-title\">Fiesta Vikinga<\/h4><p class=\"elementor-image-box-description\"><u>Acceso a:<\/u><br><br>- Sal\u00f3n Medieval<br>- Sendero de las Hadas<br>- Sal\u00f3n de la Corona<br>- Sal\u00f3n de Sabios<br>- Juegos infantiles<br><br><b>Capacidad: <\/b>Hasta 15 ni\u00f1@s<br><span style=\"font-weight: 700;\">Valor: $<del>150.000<\/del><\/span><br>Oferta: $120.000<\/p><\/div><\/div>\t\t\t\t<\/div>\n\t\t\t\t<\/div>\n\t\t\t\t<div class=\"elementor-element elementor-element-ed19ea5 elementor-widget-tablet__width-initial elementor-widget-mobile__width-inherit elementor-widget__width-initial elementor-position-top elementor-widget elementor-widget-image-box\" data-id=\"ed19ea5\" data-element_type=\"widget\" data-widget_type=\"image-box.default\">\n\t\t\t\t<div class=\"elementor-widget-container\">\n\t\t\t\t\t<div class=\"elementor-image-box-wrapper\"><figure class=\"elementor-image-box-img\"><img decoding=\"async\" width=\"1536\" height=\"1024\" src=\"https:\/\/castillodelvalleangol.cl\/wp-content\/uploads\/2025\/07\/Fiesta-de-Nobles-3.webp\" class=\"elementor-animation-grow attachment-full size-full wp-image-307\" alt=\"\" srcset=\"https:\/\/castillodelvalleangol.cl\/wp-content\/uploads\/2025\/07\/Fiesta-de-Nobles-3.webp 1536w, https:\/\/castillodelvalleangol.cl\/wp-content\/uploads\/2025\/07\/Fiesta-de-Nobles-3-300x200.webp 300w, https:\/\/castillodelvalleangol.cl\/wp-content\/uploads\/2025\/07\/Fiesta-de-Nobles-3-1024x683.webp 1024w, https:\/\/castillodelvalleangol.cl\/wp-content\/uploads\/2025\/07\/Fiesta-de-Nobles-3-768x512.webp 768w\" sizes=\"(max-width: 1536px) 100vw, 1536px\" \/><\/figure><div class=\"elementor-image-box-content\"><h4 class=\"elementor-image-box-title\">Fiesta de Nobles<\/h4><p class=\"elementor-image-box-description\"><u>Acceso a:<\/u><br><br>- Sal\u00f3n Medieval<br>- Sendero de las Hadas<br>- Sal\u00f3n de la Corona<br>- Sal\u00f3n de Sabios<br>- Juegos infantiles<br><br><span style=\"font-weight: 700;\">Capacidad: <\/span>Hasta 25 ni\u00f1@s<br><span style=\"font-weight: 700;\">Valor: $<del>200.000<\/del><\/span><br>Oferta: $150.000<\/p><\/div><\/div>\t\t\t\t<\/div>\n\t\t\t\t<\/div>\n\t\t\t\t<div class=\"elementor-element elementor-element-936ecc8 elementor-widget-tablet__width-initial elementor-widget-mobile__width-inherit elementor-widget__width-initial elementor-position-top elementor-widget elementor-widget-image-box\" data-id=\"936ecc8\" data-element_type=\"widget\" data-widget_type=\"image-box.default\">\n\t\t\t\t<div class=\"elementor-widget-container\">\n\t\t\t\t\t<div class=\"elementor-image-box-wrapper\"><figure class=\"elementor-image-box-img\"><img decoding=\"async\" width=\"1536\" height=\"1024\" src=\"https:\/\/castillodelvalleangol.cl\/wp-content\/uploads\/2025\/07\/Fiesta-de-Reyes.png\" class=\"elementor-animation-grow attachment-full size-full wp-image-304\" alt=\"\" srcset=\"https:\/\/castillodelvalleangol.cl\/wp-content\/uploads\/2025\/07\/Fiesta-de-Reyes.png 1536w, https:\/\/castillodelvalleangol.cl\/wp-content\/uploads\/2025\/07\/Fiesta-de-Reyes-300x200.png 300w, https:\/\/castillodelvalleangol.cl\/wp-content\/uploads\/2025\/07\/Fiesta-de-Reyes-1024x683.png 1024w, https:\/\/castillodelvalleangol.cl\/wp-content\/uploads\/2025\/07\/Fiesta-de-Reyes-768x512.png 768w\" sizes=\"(max-width: 1536px) 100vw, 1536px\" \/><\/figure><div class=\"elementor-image-box-content\"><h4 class=\"elementor-image-box-title\">Fiestas de Reyes<\/h4><p class=\"elementor-image-box-description\"><u>Acceso a:<\/u><br><br>- Sal\u00f3n Medieval<br>- Sendero de las Hadas<br>- Sal\u00f3n de la Corona<br>- Sal\u00f3n de Sabios<br>- Juegos infantiles<br><br><span style=\"font-weight: 700;\">Capacidad: <\/span>Hasta 30 ni\u00f1@s<br><span style=\"font-weight: 700;\">Valor: $<del>250.000<\/del><\/span><br>Oferta: $200.000<\/p><\/div><\/div>\t\t\t\t<\/div>\n\t\t\t\t<\/div>\n\t\t\t\t<div class=\"elementor-element elementor-element-907496b elementor-widget-tablet__width-initial elementor-widget-mobile__width-inherit elementor-widget__width-initial elementor-position-top elementor-widget elementor-widget-image-box\" data-id=\"907496b\" data-element_type=\"widget\" data-widget_type=\"image-box.default\">\n\t\t\t\t<div class=\"elementor-widget-container\">\n\t\t\t\t\t<div class=\"elementor-image-box-wrapper\"><figure class=\"elementor-image-box-img\"><img loading=\"lazy\" decoding=\"async\" width=\"1536\" height=\"1024\" src=\"https:\/\/castillodelvalleangol.cl\/wp-content\/uploads\/2025\/07\/Encanta-Fiesta.webp\" class=\"elementor-animation-grow attachment-full size-full wp-image-306\" alt=\"\" srcset=\"https:\/\/castillodelvalleangol.cl\/wp-content\/uploads\/2025\/07\/Encanta-Fiesta.webp 1536w, https:\/\/castillodelvalleangol.cl\/wp-content\/uploads\/2025\/07\/Encanta-Fiesta-300x200.webp 300w, https:\/\/castillodelvalleangol.cl\/wp-content\/uploads\/2025\/07\/Encanta-Fiesta-1024x683.webp 1024w, https:\/\/castillodelvalleangol.cl\/wp-content\/uploads\/2025\/07\/Encanta-Fiesta-768x512.webp 768w\" sizes=\"(max-width: 1536px) 100vw, 1536px\" \/><\/figure><div class=\"elementor-image-box-content\"><h4 class=\"elementor-image-box-title\">Encanta-Fiesta<\/h4><p class=\"elementor-image-box-description\"><u>Acceso a:<\/u><br><br>- Todos los salones y juegos infantiles<br><br><u>Incluye:<\/u><br>- T\u00eda Casti<br>- Pinta Caritas<br>- Animaci\u00f3n y juegos<br><br><span style=\"font-weight: 700;\">Capacidad: <\/span>Hasta 30 ni\u00f1@s<br><span style=\"font-weight: 700;\">Valor: $<del>400.000<\/del><\/span><br>Oferta: $350.000<\/p><\/div><\/div>\t\t\t\t<\/div>\n\t\t\t\t<\/div>\n\t\t\t\t<\/div>\n\t\t\t\t<div class=\"elementor-element elementor-element-5a2acc7 elementor-widget elementor-widget-image\" data-id=\"5a2acc7\" data-element_type=\"widget\" data-widget_type=\"image.default\">\n\t\t\t\t<div class=\"elementor-widget-container\">\n\t\t\t\t\t\t\t\t\t\t\t\t\t\t\t\t<a href=\"https:\/\/wa.me\/947377315\">\n\t\t\t\t\t\t\t<img loading=\"lazy\" decoding=\"async\" width=\"390\" height=\"226\" src=\"https:\/\/castillodelvalleangol.cl\/wp-content\/uploads\/2025\/11\/oferta-esp.png\" class=\"attachment-medium_large size-medium_large wp-image-636\" alt=\"\" srcset=\"https:\/\/castillodelvalleangol.cl\/wp-content\/uploads\/2025\/11\/oferta-esp.png 390w, https:\/\/castillodelvalleangol.cl\/wp-content\/uploads\/2025\/11\/oferta-esp-300x174.png 300w\" sizes=\"(max-width: 390px) 100vw, 390px\" \/>\t\t\t\t\t\t\t\t<\/a>\n\t\t\t\t\t\t\t\t\t\t\t\t\t\t\t<\/div>\n\t\t\t\t<\/div>\n\t\t\t\t<div class=\"elementor-element elementor-element-4eb3344 elementor-widget elementor-widget-text-editor\" data-id=\"4eb3344\" data-element_type=\"widget\" data-widget_type=\"text-editor.default\">\n\t\t\t\t<div class=\"elementor-widget-container\">\n\t\t\t\t\t\t\t\t\t<p style=\"text-align: center;\">4 horas x $99.990<\/p>\t\t\t\t\t\t\t\t<\/div>\n\t\t\t\t<\/div>\n\t\t\t\t<div class=\"elementor-element elementor-element-da7ffb3 elementor-widget-divider--view-line elementor-widget elementor-widget-divider\" data-id=\"da7ffb3\" data-element_type=\"widget\" data-widget_type=\"divider.default\">\n\t\t\t\t<div class=\"elementor-widget-container\">\n\t\t\t\t\t\t\t<div class=\"elementor-divider\">\n\t\t\t<span class=\"elementor-divider-separator\">\n\t\t\t\t\t\t<\/span>\n\t\t<\/div>\n\t\t\t\t\t\t<\/div>\n\t\t\t\t<\/div>\n\t\t\t\t<div class=\"elementor-element elementor-element-ad55c5c elementor-widget elementor-widget-testimonial\" data-id=\"ad55c5c\" data-element_type=\"widget\" data-widget_type=\"testimonial.default\">\n\t\t\t\t<div class=\"elementor-widget-container\">\n\t\t\t\t\t\t\t<div class=\"elementor-testimonial-wrapper\">\n\t\t\t\t\t\t\t<div class=\"elementor-testimonial-content\">Y para que tu celebraci\u00f3n sea a\u00fan m\u00e1s especial, ponemos a tu disposici\u00f3n un mundo de servicios adicionales: <b>deliciosos snacks y refrigerios, coloridos disfraces y monitores<\/b> que se encargar\u00e1n de toda la diversi\u00f3n, para que lo papitos y mamitas tambi\u00e9n se relajen y disfruten cada momento con sus peques.<br><br>\u00a1Para ello, podr\u00e1s contar con la asesor\u00eda y experiencia de T\u00eda D'nis!<\/div>\n\t\t\t\n\t\t\t\t\t\t<div class=\"elementor-testimonial-meta elementor-has-image elementor-testimonial-image-position-aside\">\n\t\t\t\t<div class=\"elementor-testimonial-meta-inner\">\n\t\t\t\t\t\t\t\t\t\t\t<div class=\"elementor-testimonial-image\">\n\t\t\t\t\t\t\t<a href=\"http:\/\/wa.me\/56993367874\"><img loading=\"lazy\" decoding=\"async\" width=\"768\" height=\"768\" src=\"https:\/\/castillodelvalleangol.cl\/wp-content\/uploads\/2025\/08\/Tia-Dnis-768x768.webp\" class=\"attachment-medium_large size-medium_large wp-image-449\" alt=\"\" srcset=\"https:\/\/castillodelvalleangol.cl\/wp-content\/uploads\/2025\/08\/Tia-Dnis-768x768.webp 768w, https:\/\/castillodelvalleangol.cl\/wp-content\/uploads\/2025\/08\/Tia-Dnis-300x300.webp 300w, https:\/\/castillodelvalleangol.cl\/wp-content\/uploads\/2025\/08\/Tia-Dnis-150x150.webp 150w, https:\/\/castillodelvalleangol.cl\/wp-content\/uploads\/2025\/08\/Tia-Dnis.webp 1024w\" sizes=\"(max-width: 768px) 100vw, 768px\" \/><\/a>\t\t\t\t\t\t<\/div>\n\t\t\t\t\t\n\t\t\t\t\t\t\t\t\t\t<div class=\"elementor-testimonial-details\">\n\t\t\t\t\t\t\t\t\t\t\t\t\t\t<a class=\"elementor-testimonial-name\" href=\"http:\/\/wa.me\/56993367874\">Contactar<\/a>\n\t\t\t\t\t\t\t\t\t\t\t\t\t\t\t\t\t\t\t<\/div>\n\t\t\t\t\t\t\t\t\t<\/div>\n\t\t\t<\/div>\n\t\t\t\t\t<\/div>\n\t\t\t\t\t\t<\/div>\n\t\t\t\t<\/div>\n\t\t\t\t<\/div>\n\t\t<div class=\"elementor-element elementor-element-62125c5 e-flex e-con-boxed e-con e-parent\" data-id=\"62125c5\" data-element_type=\"container\">\n\t\t\t\t\t<div class=\"e-con-inner\">\n\t\t\t\t<div class=\"elementor-element elementor-element-05cd87c elementor-button-danger elementor-align-justify elementor-mobile-align-justify elementor-widget elementor-widget-button\" data-id=\"05cd87c\" data-element_type=\"widget\" data-widget_type=\"button.default\">\n\t\t\t\t<div class=\"elementor-widget-container\">\n\t\t\t\t\t\t\t\t\t<div class=\"elementor-button-wrapper\">\n\t\t\t\t\t<a class=\"elementor-button elementor-button-link elementor-size-sm\" href=\"http:\/\/www.castillodelvalleangol.cl\">\n\t\t\t\t\t\t<span class=\"elementor-button-content-wrapper\">\n\t\t\t\t\t\t\t\t\t<span class=\"elementor-button-text\">\u00a1VOLVER AL INICIO Y AGENDAR UNA VISITA!<\/span>\n\t\t\t\t\t<\/span>\n\t\t\t\t\t<\/a>\n\t\t\t\t<\/div>\n\t\t\t\t\t\t\t\t<\/div>\n\t\t\t\t<\/div>\n\t\t\t\t\t<\/div>\n\t\t\t\t<\/div>\n\t\t\t\t<\/div>\n\t\t","protected":false},"excerpt":{"rendered":"<p>Celebra un cumplea\u00f1os con nosotros Ponemos a disposici\u00f3n diversas opciones que se ajustan a las necesidades de cada familia Fiesta Vikinga Acceso a: &#8211; Sal\u00f3n Medieval&#8211; Sendero de las Hadas&#8211; Sal\u00f3n de la Corona&#8211; Sal\u00f3n de Sabios&#8211; Juegos infantiles Capacidad: Hasta 15 ni\u00f1@sValor: $150.000Oferta: $120.000 Fiesta de Nobles Acceso a: &#8211; Sal\u00f3n Medieval&#8211; Sendero de [&hellip;]<\/p>\n","protected":false},"author":1,"featured_media":0,"parent":0,"menu_order":0,"comment_status":"closed","ping_status":"closed","template":"","meta":{"_joinchat":[],"footnotes":""},"class_list":["post-15","page","type-page","status-publish","hentry"],"_links":{"self":[{"href":"https:\/\/castillodelvalleangol.cl\/index.php?rest_route=\/wp\/v2\/pages\/15","targetHints":{"allow":["GET"]}}],"collection":[{"href":"https:\/\/castillodelvalleangol.cl\/index.php?rest_route=\/wp\/v2\/pages"}],"about":[{"href":"https:\/\/castillodelvalleangol.cl\/index.php?rest_route=\/wp\/v2\/types\/page"}],"author":[{"embeddable":true,"href":"https:\/\/castillodelvalleangol.cl\/index.php?rest_route=\/wp\/v2\/users\/1"}],"replies":[{"embeddable":true,"href":"https:\/\/castillodelvalleangol.cl\/index.php?rest_route=%2Fwp%2Fv2%2Fcomments&post=15"}],"version-history":[{"count":106,"href":"https:\/\/castillodelvalleangol.cl\/index.php?rest_route=\/wp\/v2\/pages\/15\/revisions"}],"predecessor-version":[{"id":667,"href":"https:\/\/castillodelvalleangol.cl\/index.php?rest_route=\/wp\/v2\/pages\/15\/revisions\/667"}],"wp:attachment":[{"href":"https:\/\/castillodelvalleangol.cl\/index.php?rest_route=%2Fwp%2Fv2%2Fmedia&parent=15"}],"curies":[{"name":"wp","href":"https:\/\/api.w.org\/{rel}","templated":true}]}}